or of 250?
False
Is 5 a factor of 2030?
True
Is 1361 a multiple of 5?
False
Is 15 a factor of 19826?
False
Is 26986 a multiple of 103?
True
Does 3 divide 1757?
False
Is 22 a factor of 902?
True
Is 37 a factor of 352?
False
Does 8 divide 2642?
False
Is 11 a factor of 448?
False
Is 8 a factor of 1243?
False
Is 23 a factor of 1200?
False
Does 100 divide 84660?
False
Is 7 a factor of 8213?
False
Is 44 a factor of 1913?
False
Is 84 a factor of 1128?
False
Is 620 a multiple of 124?
True
Is 3 a factor of 6687?
True
Does 58 divide 2238?
False
Is 5984 a multiple of 40?
False
Is 17 a factor of 43231?
True
Is 34 a factor of 496?
False
Is 110 a multiple of 5?
True
Is 195 a factor of 31226?
False
Is 3 a factor of 2751?
True
Is 694 a multiple of 11?
False
Does 102 divide 164568?
False
Does 80 divide 546?
False
Does 3 divide 762?
True
Does 16 divide 25888?
True
Does 2 divide 170?
True
Is 12 a factor of 1167?
False
Does 63 divide 15876?
True
Is 5506 a multiple of 6?
False
Is 4339 a multiple of 7?
False
Is 5367 a multiple of 16?
False
Is 54 a factor of 3179?
False
Is 315 a factor of 17640?
True
Is 1105 a multiple of 60?
False
Is 2 a factor of 16?
True
Is 1310 a multiple of 31?
False
Is 455 a multiple of 9?
False
Does 36 divide 24552?
True
Does 12 divide 1546?
False
Does 23 divide 2139?
True
Is 21 a factor of 1512?
True
Is 94 a factor of 39908?
False
Is 2200 a multiple of 88?
True
Is 22 a factor of 110?
True
Is 13987 a multiple of 59?
False
Is 6332 a multiple of 70?
False
Is 1489 a multiple of 55?
False
Is 8880 a multiple of 37?
True
Is 19880 a multiple of 39?
False
Is 126 a factor of 1575?
False
Is 88 a factor of 66360?
False
Does 150 divide 2124?
False
Does 140 divide 20970?
False
Does 5 divide 365?
True
Is 2 a factor of 79?
False
Is 42815 a multiple of 123?
False
Is 117 a multiple of 6?
False
Does 166 divide 30749?
False
Is 140 a multiple of 14?
True
Does 152 divide 9540?
False
Does 17 divide 170?
True
Is 5 a factor of 27159?
False
Does 38 divide 13642?
True
Is 19 a factor of 1349?
True
Is 34523 a multiple of 117?
False
Is 3366 a multiple of 99?
True
Is 21 a factor of 756?
True
Is 78 a factor of 6162?
True
Is 4950 a multiple of 15?
True
Is 19 a factor of 703?
True
Is 2374 a multiple of 252?
False
Does 7 divide 1489?
False
Is 17 a factor of 1171?
False
Does 23 divide 3013?
True
Is 13 a factor of 88077?
False
Does 6 divide 222?
True
Is 19705 a multiple of 49?
False
Does 28 divide 1008?
True
Is 18 a factor of 347?
False
Is 725 a multiple of 36?
False
Is 2590 a multiple of 29?
False
Is 117 a factor of 4446?
True
Is 9 a factor of 16211?
False
Is 11380 a multiple of 10?
True
Is 238 a multiple of 14?
True
Is 75 a factor of 3975?
True
Is 48140 a multiple of 116?
True
Does 45 divide 89955?
True
Is 50731 a multiple of 45?
False
Is 1696 a multiple of 12?
False
Is 22152 a multiple of 156?
True
Is 14190 a multiple of 43?
True
Is 1549 a multiple of 45?
False
Is 36 a factor of 27108?
True
Is 20 a factor of 6139?
False
Does 19 divide 684?
True
Is 37968 a multiple of 167?
False
Is 116 a multiple of 4?
True
Does 25 divide 525?
True
Does 6 divide 568?
False
Is 119 a factor of 3808?
True
Does 10 divide 87770?
True
Is 23 a factor of 276?
True
Does 81 divide 577?
False
Does 5 divide 235?
True
Is 57 a factor of 4484?
False
Is 1880 a multiple of 8?
True
Is 24 a factor of 6360?
True
Is 112 a factor of 6608?
True
Does 15 divide 4283?
False
Does 2 divide 6?
True
Is 44 a factor of 227?
False
Is 1258 a multiple of 54?
False
Is 975 a multiple of 65?
True
Is 2894 a multiple of 44?
False
Is 462 a multiple of 22?
True
Is 1704 a multiple of 12?
True
Is 11 a factor of 88?
True
Is 67 a factor of 8241?
True
Does 12 divide 4017?
False
Is 239 a factor of 80304?
True
Is 28 a factor of 9184?
True
Is 5247 a multiple of 20?
False
Is 6 a factor of 1478?
False
Does 8 divide 3240?
True
Is 78 a factor of 65286?
True
Is 54 a factor of 5022?
True
Is 11 a factor of 19997?
False
Does 11 divide 18592?
False
Is 82 a factor of 21432?
False
Is 21 a factor of 1680?
True
Is 1218 a multiple of 13?
False
Is 2516 a multiple of 4?
True
Is 14 a factor of 22808?
False
Is 305 a multiple of 4?
False
Does 4 divide 990?
False
Does 21 divide 234?
False
Does 25 divide 489?
False
Is 49 a factor of 8820?
True
Is 369 a multiple of 10?
False
Is 11 a multiple of 2?
False
Does 90 divide 3600?
True
Does 44 divide 6292?
True
Is 479 a multiple of 5?
False
Does 13 divide 53170?
True
Is 60 a multiple of 4?
True
Does 19 divide 846?
False
Does 37 divide 13615?
False
Is 64 a factor of 2191?
False
Does 17 divide 1020?
True
Is 15 a factor of 1868?
False
Does 43 divide 4085?
True
Does 13 divide 860?
False
Is 14183 a multiple of 18?
False
Is 1799 a multiple of 7?
True
Is 21565 a multiple of 35?
False
Does 9 divide 50031?
True
Is 4623 a multiple of 74?
False
Is 34 a factor of 26520?
True
Does 5 divide 830?
True
Does 16 divide 162148?
False
Does 2 divide 1075?
False
Is 34889 a multiple of 251?
True
Is 132 a factor of 7513?
False
Is 1519 a multiple of 49?
True
Does 18 divide 7288?
False
Is 27 a multiple of 9?
True
Does 79 divide 674?
False
Does 49 divide 70413?
True
Is 1394 a multiple of 41?
True
Does 31 divide 2769?
False
Is 530 a multiple of 5?
True
Is 18040 a multiple of 93?
False
Does 37 divide 146483?
True
Is 19630 a multiple of 26?
True
Does 153 divide 47889?
True
Is 53 a factor of 3775?
False
Does 12 divide 5051?
False
Does 41 divide 21976?
True
Does 61 divide 19287?
False
Does 5 divide 49?
False
Is 163 a multiple of 8?
False
Does 146 divide 9193?
False
Is 39 a factor of 1820?
False
Does 157 divide 3056?
False
Does 8 divide 6689?
False
Is 3024 a multiple of 56?
True
Is 58 a factor of 28536?
True
Is 12 a factor of 2388?
True
Is 176 a factor of 2288?
True
Is 75 a factor of 975?
True
Is 3 a factor of 2838?
True
Is 22 a factor of 330?
True
Does 16 divide 488?
False
Is 1152 a multiple of 72?
True
Is 145395 a multiple of 27?
True
Is 48 a factor of 21888?
True
Is 507 a multiple of 42?
False
Does 3 divide 179?
False
Is 47740 a multiple of 14?
True
Does 8 divide 72?
True
Is 21555 a multiple of 7?
False
Is 29100 a multiple of 100?
True
Is 273 a factor of 27846?
True
Is 5 a factor of 108?
False
Is 48 a multiple of 12?
True
Does 18 divide 340?
False
Is 8 a factor of 648?
True
Does 44 divide 1495?
False
Is 5740 a multiple of 82?
True
Is 56 a factor of 75914?
False
Does 56 divide 2408?
True
Is 12969 a multiple of 14?
False
Does 16 divide 416?
True
Is 5 a factor of 2523?
False
Is 30 a multiple of 22?
False
Is 33965 a multiple of 72?
False
Is 17361 a multiple of 140?
False
Is 2713 a multiple of 52?
False
Does 80 divide 1479?
False
Is 14 a factor of 271?
False
Is 35562 a multiple of 13?
False
Is 89 a factor of 5282?
False
Is 17 a factor of 16643?
True
Is 1044 a multiple of 57?
False
Does 53 divide 1004?
False
Is 167 a multiple of 40?
False
Is 560 a multiple of 7?
True
Is 71 a factor of 20590?
True
Is 18 a factor of 25972?
False
Is 81 a factor of 107730?
True
Is 134 a factor of 704?
False
Is 19 a factor of 3643?
False
Is 3 a factor of 2808?
True
Does 11 divide 1300?
False
Is 6 a factor of 263?
False
Is 18885 a multiple of 8?
False
Is 1992 a multiple of 2?
True
Is 11 a factor of 671?
True
Does 47 divide 12831?
True
Is 354 a factor of 31699?
False
Does 24 divide 7022?
False
Does 26 divide 4076?
False
Does 14 divide 13342?
True
Is 4576 a multiple of 11?
True
Is 684 a multiple of 11?
False
Does 8 divide 10910?
False
Is 274 a factor of 78912?
True
Does 15 divide 5005?
False
Is 1540 a multiple of 10?
True
Is 12425 a multiple of 7?
True
Does 2 divide 7787?
False
Is 467 a multiple of 21?
False
Does 59 divide 531?
True
Does 20 divide 660?
True
Is 818 a multiple of 15?
False
Does 41 divide 120253?
True
Is 16 a factor of 4016?
True
Does 35 divide 8395?
False
Is 51 a factor of 4217?
False
Does 25 divide 1650?
True
Is 3435 a multiple of 16?
False
Is 1326 a multiple of 34?
True
Does 12 divide 1315?
False
Is 21312 a multiple of 111?
True
Is 7891 a multiple of 179?
False
Does 2 divide 65?
False
Is 646 a multiple of 17?
True
Is 25170 a multiple of 30?
True
Is 47122 a multiple of 17?
False
Is 15 a factor of 42571?
False
Is 4635 a multiple of 34?
False
Is 84 a factor of 75516?
True
Does 9 divide 445?
False
Is 25 a factor of 3000?
True
Is 68655 a multiple of 15?
True
Is 8